
List the prime factors of 3348254.
2, 7, 13, 18397
What are the prime factors of 26431190?
2, 5, 2643119
List the prime factors of 9755615.
5, 1951123
What are the prime factors of 406350?
2, 3, 5, 7, 43
List the prime factors of 166145.
5, 7, 47, 101
What are the prime factors of 3345311?
17, 19, 10357
What are the prime factors of 248673?
3, 82891
List the prime factors of 5695339.
13, 29, 15107
List the prime factors of 494063.
23, 21481
What are the prime factors of 14737?
14737
List the prime factors of 988432.
2, 163, 379
What are the prime factors of 54240?
2, 3, 5, 113
What are the prime factors of 5576118?
2, 3, 547, 1699
List the prime factors of 549970.
2, 5, 43, 1279
List the prime factors of 862761.
3, 31, 9277
What are the prime factors of 17873118?
2, 3, 79, 12569
List the prime factors of 644645.
5, 31, 4159
What are the prime factors of 11082282?
2, 3, 19, 97213
What are the prime factors of 388967?
41, 53, 179
List the prime factors of 3298937.
173, 19069
What are the prime factors of 6753140?
2, 5, 59, 97
List the prime factors of 72607.
17, 4271
What are the prime factors of 284706?
2, 3, 15817
What are the prime factors of 1760?
2, 5, 11
What are the prime factors of 6012967?
1997, 3011
What are the prime factors of 1625483?
1625483
What are the prime factors of 565230?
2, 3, 5, 83, 227
List the prime factors of 14817.
3, 11, 449
What are the prime factors of 239981?
7, 34283
What are the prime factors of 43229?
139, 311
List the prime factors of 435981.
3, 7, 13, 1597
What are the prime factors of 1259235?
3, 5, 27983
List the prime factors of 470857.
479, 983
What are the prime factors of 177064?
2, 22133
What are the prime factors of 2039996?
2, 7, 41, 1777
List the prime factors of 484933.
31, 15643
List the prime factors of 1539218.
2, 269, 2861
What are the prime factors of 2967457?
41, 157, 461
List the prime factors of 5505814.
2, 163, 16889
List the prime factors of 362351.
11, 32941
What are the prime factors of 1287502?
2, 643751
List the prime factors of 1556030.
2, 5, 7, 22229
What are the prime factors of 139497?
3, 46499
What are the prime factors of 15063238?
2, 19, 29, 13669
What are the prime factors of 262823?
11, 23893
List the prime factors of 62579.
11, 5689
What are the prime factors of 420028?
2, 7, 2143
What are the prime factors of 107268?
2, 3, 7, 1277
What are the prime factors of 219937?
219937
What are the prime factors of 22500376?
2, 101, 27847
List the prime factors of 29008866.
2, 3, 499, 9689
What are the prime factors of 15066036?
2, 3, 431, 971
What are the prime factors of 2365029?
3, 262781
What are the prime factors of 191727?
3, 263
What are the prime factors of 214772?
2, 53693
List the prime factors of 21218566.
2, 41, 258763
List the prime factors of 307642.
2, 193, 797
List the prime factors of 2314480.
2, 5, 7, 4133
What are the prime factors of 2823351?
3, 941117
What are the prime factors of 120517?
19, 6343
List the prime factors of 1738879.
17, 233, 439
What are the prime factors of 505283?
505283
List the prime factors of 12713521.
12713521
What are the prime factors of 6562331?
6562331
What are the prime factors of 25859031?
3, 11, 71237
What are the prime factors of 9577405?
5, 1915481
What are the prime factors of 624846?
2, 3, 223, 467
List the prime factors of 3395228.
2, 848807
List the prime factors of 560697.
3, 31, 6029
List the prime factors of 6226190.
2, 5, 622619
What are the prime factors of 5973952?
2, 269, 347
What are the prime factors of 152632?
2, 19079
What are the prime factors of 3177517?
7, 453931
List the prime factors of 292232.
2, 36529
List the prime factors of 631175.
5, 25247
What are the prime factors of 1809?
3, 67
What are the prime factors of 4746811?
503, 9437
What are the prime factors of 196069?
29, 6761
What are the prime factors of 494095?
5, 7, 19, 743
List the prime factors of 59332.
2, 7, 13, 163
What are the prime factors of 500401?
11, 45491
What are the prime factors of 3689582?
2, 13, 141907
What are the prime factors of 3647877?
3, 17, 71527
List the prime factors of 8049702.
2, 3, 1341617
What are the prime factors of 12233550?
2, 3, 5, 7, 61, 191
What are the prime factors of 461938?
2, 230969
What are the prime factors of 770140?
2, 5, 7, 5501
What are the prime factors of 562620?
2, 3, 5, 9377
List the prime factors of 334370.
2, 5, 29, 1153
What are the prime factors of 128014?
2, 64007
List the prime factors of 1381262.
2, 19, 163, 223
What are the prime factors of 755519?
439, 1721
What are the prime factors of 4182629?
11, 17, 22367
List the prime factors of 4597512.
2, 3, 191563
List the prime factors of 354178.
2, 11, 17, 947
List the prime factors of 25205312.
2, 11, 35803
What are the prime factors of 733743?
3, 81527
What are the prime factors of 230209?
7, 32887
List the prime factors of 18272041.
18272041
What are the prime factors of 52102?
2, 109, 239
List the prime factors of 221.
13, 17
What are the prime factors of 8126826?
2, 3, 1354471
List the prime factors of 35104338.
2, 3, 31, 53, 1187
What are the prime factors of 9662721?
3, 3220907
List the prime factors of 131669.
353, 373
What are the prime factors of 12337907?
31, 337, 1181
List the prime factors of 550458.
2, 3, 53, 577
What are the prime factors of 270503?
19, 23, 619
What are the prime factors of 4711562?
2, 47, 50123
List the prime factors of 826317.
3, 91813
What are the prime factors of 4486494?
2, 3, 547, 1367
What are the prime factors of 434113?
434113
List the prime factors of 37275864.
2, 3, 181, 8581
List the prime factors of 1091760.
2, 3, 5, 4549
What are the prime factors of 4557092?
2, 1139273
List the prime factors of 17673821.
11, 23, 69857
What are the prime factors of 1714839?
3, 7, 37, 2207
What are the prime factors of 560709?
3, 19, 1093
What are the prime factors of 264598?
2, 132299
What are the prime factors of 526341?
3, 175447
List the prime factors of 4088307.
3, 499, 2731
What are the prime factors of 21303?
3, 263
List the prime factors of 6568217.
6568217
What are the prime factors of 223164?
2, 3, 6199
List the prime factors of 448541.
101, 4441
What are the prime factors of 140418?
2, 3, 29, 269
What are the prime factors of 3567842?
2, 1783921
What are the prime factors of 13688?
2, 29, 59
List the prime factors of 2697618.
2, 3, 7, 11, 5839
What are the prime factors of 2484484?
2, 269, 2309
List the prime factors of 1665654.
2, 3, 19, 769
List the prime factors of 1907195.
5, 381439
What are the prime factors of 167651?
11, 15241
What are the prime factors of 9566039?
7, 1366577
What are the prime factors of 4133357?
1361, 3037
List the prime factors of 814572.
2, 3, 11, 17
List the prime factors of 199811.
199811
List the prime factors of 473241.
3, 157747
List the prime factors of 221903.
11, 20173
What are the prime factors of 741325?
5, 13, 2281
What are the prime factors of 220677?
3, 17, 4327
List the prime factors of 238556.
2, 23, 2593
List the prime factors of 44945.
5, 89, 101
What are the prime factors of 3615987?
3, 263, 4583
What are the prime factors of 10258443?
3, 13, 87679
List the prime factors of 146102.
2, 11, 29, 229
List the prime factors of 28372861.
11, 41, 53, 1187
What are the prime factors of 556647?
3, 7, 13, 2039
List the prime factors of 415157.
17, 24421
List the prime factors of 21897646.
2, 10948823
What are the prime factors of 829643?
829643
What are the prime factors of 304144?
2, 19009
What are the prime factors of 402876?
2, 3, 19, 31
List the prime factors of 55013.
7, 29, 271
List the prime factors of 609752.
2, 11, 13, 41
List the prime factors of 219292.
2, 73, 751
List the prime factors of 381302.
2, 83, 2297
What are the prime factors of 246761?
29, 67, 127
What are the prime factors of 2195850?
2, 3, 5, 14639
What are the prime factors of 603515?
5, 11, 10973
What are the prime factors of 4066959?
3, 13, 104281
What are the prime factors of 33667239?
3, 23, 101, 4831
List the prime factors of 1396056.
2, 3, 58169
What are the prime factors of 421830?
2, 3, 5, 43, 109
List the prime factors of 3491437.
31, 41, 67
List the prime factors of 1523138.
2, 29, 26261
What are the prime factors of 529866?
2, 3, 29437
List the prime factors of 70572.
2, 3, 5881
What are